{"id":320,"date":"2020-10-26T14:17:32","date_gmt":"2020-10-26T13:17:32","guid":{"rendered":"http:\/\/stephane08.fr\/?page_id=320"},"modified":"2020-10-26T18:54:49","modified_gmt":"2020-10-26T17:54:49","slug":"fd-relations-sociales","status":"publish","type":"page","link":"https:\/\/chooz-cgt.fr\/index.php\/fd-relations-sociales\/","title":{"rendered":"FD Relations sociales"},"content":{"rendered":"\n<p>Apr\u00e8s vous \u00eatre connect\u00e9, vous trouverez ici toute les informations r\u00e9serv\u00e9es \u00e0 nos syndiqu\u00e9s.<\/p>\n\n\n","protected":false},"excerpt":{"rendered":"<p>Apr\u00e8s vous \u00eatre connect\u00e9, vous trouverez ici toute les informations r\u00e9serv\u00e9es \u00e0 nos syndiqu\u00e9s.<\/p>\n","protected":false},"author":1,"featured_media":0,"parent":0,"menu_order":0,"comment_status":"closed","ping_status":"closed","template":"","meta":{"pmpro_default_level":0},"_links":{"self":[{"href":"https:\/\/chooz-cgt.fr\/index.php\/wp-json\/wp\/v2\/pages\/320"}],"collection":[{"href":"https:\/\/chooz-cgt.fr\/index.php\/wp-json\/wp\/v2\/pages"}],"about":[{"href":"https:\/\/chooz-cgt.fr\/index.php\/wp-json\/wp\/v2\/types\/page"}],"author":[{"embeddable":true,"href":"https:\/\/chooz-cgt.fr\/index.php\/wp-json\/wp\/v2\/users\/1"}],"replies":[{"embeddable":true,"href":"https:\/\/chooz-cgt.fr\/index.php\/wp-json\/wp\/v2\/comments?post=320"}],"version-history":[{"count":3,"href":"https:\/\/chooz-cgt.fr\/index.php\/wp-json\/wp\/v2\/pages\/320\/revisions"}],"predecessor-version":[{"id":369,"href":"https:\/\/chooz-cgt.fr\/index.php\/wp-json\/wp\/v2\/pages\/320\/revisions\/369"}],"wp:attachment":[{"href":"https:\/\/chooz-cgt.fr\/index.php\/wp-json\/wp\/v2\/media?parent=320"}],"curies":[{"name":"wp","href":"https:\/\/api.w.org\/{rel}","templated":true}]}}